{"id":38074,"date":"2024-12-06T13:24:36","date_gmt":"2024-12-06T18:24:36","guid":{"rendered":"https:\/\/itco-as-prd-sitioweb-002.azurewebsites.net\/?page_id=38074"},"modified":"2024-12-06T13:41:14","modified_gmt":"2024-12-06T18:41:14","slug":"derechos-humanos","status":"publish","type":"page","link":"https:\/\/colombia.isaenergia.com\/isaintercolombia\/caja-de-herramientas-sostenibilidad\/derechos-humanos\/","title":{"rendered":"Derechos humanos"},"content":{"rendered":"\t\t<div data-elementor-type=\"wp-page\" data-elementor-id=\"38074\" class=\"elementor elementor-38074\" data-elementor-post-type=\"page\">\n\t\t\t\t<div class=\"elementor-element elementor-element-cb3a277 e-flex e-con-boxed e-con e-parent\" data-id=\"cb3a277\" data-element_type=\"container\" data-e-type=\"container\">\n\t\t\t\t\t<div class=\"e-con-inner\">\n\t\t\t\t<div class=\"elementor-element elementor-element-8e0047d elementor-align-left elementor-widget elementor-widget-breadcrumbs\" data-id=\"8e0047d\" data-element_type=\"widget\" data-e-type=\"widget\" data-widget_type=\"breadcrumbs.default\">\n\t\t\t\t<div class=\"elementor-widget-container\">\n\t\t\t\t\t<p id=\"breadcrumbs\"><span><span><a href=\"https:\/\/colombia.isaenergia.com\/isaintercolombia\/\">Home<\/a><\/span><\/span><\/p>\t\t\t\t<\/div>\n\t\t\t\t<\/div>\n\t\t\t\t\t<\/div>\n\t\t\t\t<\/div>\n\t\t<div class=\"elementor-element elementor-element-6918a0f e-flex e-con-boxed e-con e-parent\" data-id=\"6918a0f\" data-element_type=\"container\" data-e-type=\"container\">\n\t\t\t\t\t<div class=\"e-con-inner\">\n\t\t<div class=\"elementor-element elementor-element-67079dc e-con-full e-flex e-con e-child\" data-id=\"67079dc\" data-element_type=\"container\" data-e-type=\"container\">\n\t\t<a class=\"elementor-element elementor-element-c787939 e-con-full e-flex e-con e-child\" data-id=\"c787939\" data-element_type=\"container\" data-e-type=\"container\" data-settings=\"{&quot;background_background&quot;:&quot;classic&quot;}\" href=\"https:\/\/itcoasprds-a77b12eedb9aa256-endpoint.azureedge.net\/blobitcoasprds4953213ea0\/wp-content\/uploads\/2024\/12\/Principios_Rectores_Empresas_DDHH.pdf\" target=\"_blank\">\n\t\t\t\t<div class=\"elementor-element elementor-element-c47e5cc elementor-widget elementor-widget-heading\" data-id=\"c47e5cc\" data-element_type=\"widget\" data-e-type=\"widget\" data-widget_type=\"heading.default\">\n\t\t\t\t<div class=\"elementor-widget-container\">\n\t\t\t\t\t<h5 class=\"elementor-heading-title elementor-size-default\">Principios rectores sobre las empresas y los Derechos Humanos<\/h5>\t\t\t\t<\/div>\n\t\t\t\t<\/div>\n\t\t\t\t<\/a>\n\t\t<a class=\"elementor-element elementor-element-cf6ccb9 e-con-full e-flex e-con e-child\" data-id=\"cf6ccb9\" data-element_type=\"container\" data-e-type=\"container\" data-settings=\"{&quot;background_background&quot;:&quot;classic&quot;}\" href=\"https:\/\/itcoasprds-a77b12eedb9aa256-endpoint.azureedge.net\/blobitcoasprds4953213ea0\/wp-content\/uploads\/2024\/12\/Guia_Debida_Diligencia_DDHH_DIH_CadenaSuminstro-1.pdf\" target=\"_blank\">\n\t\t\t\t<div class=\"elementor-element elementor-element-7d9f36e elementor-widget elementor-widget-heading\" data-id=\"7d9f36e\" data-element_type=\"widget\" data-e-type=\"widget\" data-widget_type=\"heading.default\">\n\t\t\t\t<div class=\"elementor-widget-container\">\n\t\t\t\t\t<h5 class=\"elementor-heading-title elementor-size-default\">Gu\u00eda Debida diligencia DDHH - DIH en la Cadena de suministro<\/h5>\t\t\t\t<\/div>\n\t\t\t\t<\/div>\n\t\t\t\t<\/a>\n\t\t<a class=\"elementor-element elementor-element-05f54f2 e-con-full e-flex e-con e-child\" data-id=\"05f54f2\" data-element_type=\"container\" data-e-type=\"container\" data-settings=\"{&quot;background_background&quot;:&quot;classic&quot;}\" href=\"https:\/\/itcoasprds-a77b12eedb9aa256-endpoint.azureedge.net\/blobitcoasprds4953213ea0\/wp-content\/uploads\/2024\/12\/Como_Desarrollar_Politica_DDHH.pdf\" target=\"_blank\">\n\t\t\t\t<div class=\"elementor-element elementor-element-591712b elementor-widget elementor-widget-heading\" data-id=\"591712b\" data-element_type=\"widget\" data-e-type=\"widget\" data-widget_type=\"heading.default\">\n\t\t\t\t<div class=\"elementor-widget-container\">\n\t\t\t\t\t<h5 class=\"elementor-heading-title elementor-size-default\">\n\nC\u00f3mo desarrollar una pol\u00edtica de DDHH<\/h5>\t\t\t\t<\/div>\n\t\t\t\t<\/div>\n\t\t\t\t<\/a>\n\t\t<a class=\"elementor-element elementor-element-d1784b4 e-con-full e-flex e-con e-child\" data-id=\"d1784b4\" data-element_type=\"container\" data-e-type=\"container\" data-settings=\"{&quot;background_background&quot;:&quot;classic&quot;}\" href=\"https:\/\/itcoasprds-a77b12eedb9aa256-endpoint.azureedge.net\/blobitcoasprds4953213ea0\/wp-content\/uploads\/2024\/12\/ISA_GUIA-CORPORATIVA-ISA-N\u00b062-del-29-de-abril-de-2024.pdf\" target=\"_blank\">\n\t\t\t\t<div class=\"elementor-element elementor-element-ec99a7f elementor-widget elementor-widget-heading\" data-id=\"ec99a7f\" data-element_type=\"widget\" data-e-type=\"widget\" data-widget_type=\"heading.default\">\n\t\t\t\t<div class=\"elementor-widget-container\">\n\t\t\t\t\t<h5 class=\"elementor-heading-title elementor-size-default\">Gu\u00eda derechos humanos ISA y empresas<\/h5>\t\t\t\t<\/div>\n\t\t\t\t<\/div>\n\t\t\t\t<\/a>\n\t\t<a class=\"elementor-element elementor-element-0150e76 e-con-full e-flex e-con e-child\" data-id=\"0150e76\" data-element_type=\"container\" data-e-type=\"container\" data-settings=\"{&quot;background_background&quot;:&quot;classic&quot;}\" href=\"https:\/\/itcoasprds-a77b12eedb9aa256-endpoint.azureedge.net\/blobitcoasprds4953213ea0\/wp-content\/uploads\/2024\/12\/Cartilla-Derechos-Humanos-para-Proveedores.pdf\" target=\"_blank\">\n\t\t\t\t<div class=\"elementor-element elementor-element-faca2f0 elementor-widget elementor-widget-heading\" data-id=\"faca2f0\" data-element_type=\"widget\" data-e-type=\"widget\" data-widget_type=\"heading.default\">\n\t\t\t\t<div class=\"elementor-widget-container\">\n\t\t\t\t\t<h5 class=\"elementor-heading-title elementor-size-default\">Cartilla Derechos Humanos para Proveedores<\/h5>\t\t\t\t<\/div>\n\t\t\t\t<\/div>\n\t\t\t\t<\/a>\n\t\t<a class=\"elementor-element elementor-element-4e2f2cc e-con-full e-flex e-con e-child\" data-id=\"4e2f2cc\" data-element_type=\"container\" data-e-type=\"container\" data-settings=\"{&quot;background_background&quot;:&quot;classic&quot;}\" href=\"https:\/\/itcoasprds-a77b12eedb9aa256-endpoint.azureedge.net\/blobitcoasprds4953213ea0\/wp-content\/uploads\/2024\/12\/ABC-en-derecho-humanos-para-tu-empresa.pdf\" target=\"_blank\">\n\t\t\t\t<div class=\"elementor-element elementor-element-922e6c3 elementor-widget elementor-widget-heading\" data-id=\"922e6c3\" data-element_type=\"widget\" data-e-type=\"widget\" data-widget_type=\"heading.default\">\n\t\t\t\t<div class=\"elementor-widget-container\">\n\t\t\t\t\t<h5 class=\"elementor-heading-title elementor-size-default\">ABC en derecho humanos para tu empresa<\/h5>\t\t\t\t<\/div>\n\t\t\t\t<\/div>\n\t\t\t\t<\/a>\n\t\t\t\t<\/div>\n\t\t\t\t\t<\/div>\n\t\t\t\t<\/div>\n\t\t\t\t<\/div>\n\t\t","protected":false},"excerpt":{"rendered":"<p>Principios rectores sobre las empresas y los Derechos Humanos Gu\u00eda Debida diligencia DDHH &#8211; DIH en la Cadena de suministro C\u00f3mo desarrollar una pol\u00edtica de DDHH Gu\u00eda derechos humanos ISA y empresas Cartilla Derechos Humanos para Proveedores ABC en derecho humanos para tu empresa<\/p>\n","protected":false},"author":44,"featured_media":0,"parent":37933,"menu_order":0,"comment_status":"closed","ping_status":"closed","template":"","meta":{"footnotes":""},"categories":[],"tags":[],"class_list":["post-38074","page","type-page","status-publish","hentry"],"yoast_head":"<!-- This site is optimized with the Yoast SEO plugin v26.5 - https:\/\/yoast.com\/wordpress\/plugins\/seo\/ -->\n<title>Derechos humanos - ISA INTERCOLOMBIA<\/title>\n<meta name=\"robots\" content=\"index, follow, max-snippet:-1, max-image-preview:large, max-video-preview:-1\" \/>\n<link rel=\"canonical\" href=\"https:\/\/colombia.isaenergia.com\/isaintercolombia\/caja-de-herramientas-sostenibilidad\/derechos-humanos\/\" \/>\n<meta property=\"og:locale\" content=\"es_ES\" \/>\n<meta property=\"og:type\" content=\"article\" \/>\n<meta property=\"og:title\" content=\"Derechos humanos - ISA INTERCOLOMBIA\" \/>\n<meta property=\"og:description\" content=\"Principios rectores sobre las empresas y los Derechos Humanos Gu\u00eda Debida diligencia DDHH &#8211; DIH en la Cadena de suministro C\u00f3mo desarrollar una pol\u00edtica de DDHH Gu\u00eda derechos humanos ISA y empresas Cartilla Derechos Humanos para Proveedores ABC en derecho humanos para tu empresa\" \/>\n<meta property=\"og:url\" content=\"https:\/\/colombia.isaenergia.com\/isaintercolombia\/caja-de-herramientas-sostenibilidad\/derechos-humanos\/\" \/>\n<meta property=\"og:site_name\" content=\"ISA INTERCOLOMBIA\" \/>\n<meta property=\"article:modified_time\" content=\"2024-12-06T18:41:14+00:00\" \/>\n<meta name=\"twitter:card\" content=\"summary_large_image\" \/>\n<meta name=\"twitter:label1\" content=\"Est. reading time\" \/>\n\t<meta name=\"twitter:data1\" content=\"1 minute\" \/>\n<script type=\"application\/ld+json\" class=\"yoast-schema-graph\">{\"@context\":\"https:\/\/schema.org\",\"@graph\":[{\"@type\":\"WebPage\",\"@id\":\"https:\/\/colombia.isaenergia.com\/isaintercolombia\/caja-de-herramientas-sostenibilidad\/derechos-humanos\/\",\"url\":\"https:\/\/colombia.isaenergia.com\/isaintercolombia\/caja-de-herramientas-sostenibilidad\/derechos-humanos\/\",\"name\":\"Derechos humanos - ISA INTERCOLOMBIA\",\"isPartOf\":{\"@id\":\"https:\/\/colombia.isaenergia.com\/isaintercolombia\/#website\"},\"datePublished\":\"2024-12-06T18:24:36+00:00\",\"dateModified\":\"2024-12-06T18:41:14+00:00\",\"breadcrumb\":{\"@id\":\"https:\/\/colombia.isaenergia.com\/isaintercolombia\/caja-de-herramientas-sostenibilidad\/derechos-humanos\/#breadcrumb\"},\"inLanguage\":\"es-ES\",\"potentialAction\":[{\"@type\":\"ReadAction\",\"target\":[\"https:\/\/colombia.isaenergia.com\/isaintercolombia\/caja-de-herramientas-sostenibilidad\/derechos-humanos\/\"]}]},{\"@type\":\"BreadcrumbList\",\"@id\":\"https:\/\/colombia.isaenergia.com\/isaintercolombia\/caja-de-herramientas-sostenibilidad\/derechos-humanos\/#breadcrumb\",\"itemListElement\":[{\"@type\":\"ListItem\",\"position\":1,\"name\":\"Home\",\"item\":\"https:\/\/colombia.isaenergia.com\/isaintercolombia\/\"},{\"@type\":\"ListItem\",\"position\":2,\"name\":\"Caja de herramientas &#8211; Sostenibilidad\",\"item\":\"https:\/\/colombia.isaenergia.com\/isaintercolombia\/caja-de-herramientas-sostenibilidad\/\"},{\"@type\":\"ListItem\",\"position\":3,\"name\":\"Derechos humanos\"}]},{\"@type\":\"WebSite\",\"@id\":\"https:\/\/colombia.isaenergia.com\/isaintercolombia\/#website\",\"url\":\"https:\/\/colombia.isaenergia.com\/isaintercolombia\/\",\"name\":\"ISA INTERCOLOMBIA\",\"description\":\"ISA INTERCOLOMBIA\",\"publisher\":{\"@id\":\"https:\/\/colombia.isaenergia.com\/isaintercolombia\/#organization\"},\"potentialAction\":[{\"@type\":\"SearchAction\",\"target\":{\"@type\":\"EntryPoint\",\"urlTemplate\":\"https:\/\/colombia.isaenergia.com\/isaintercolombia\/?s={search_term_string}\"},\"query-input\":{\"@type\":\"PropertyValueSpecification\",\"valueRequired\":true,\"valueName\":\"search_term_string\"}}],\"inLanguage\":\"es-ES\"},{\"@type\":\"Organization\",\"@id\":\"https:\/\/colombia.isaenergia.com\/isaintercolombia\/#organization\",\"name\":\"ISA INTERCOLOMBIA\",\"url\":\"https:\/\/colombia.isaenergia.com\/isaintercolombia\/\",\"logo\":{\"@type\":\"ImageObject\",\"inLanguage\":\"es-ES\",\"@id\":\"https:\/\/colombia.isaenergia.com\/isaintercolombia\/#\/schema\/logo\/image\/\",\"url\":\"\/wp-content\/uploads\/sites\/3\/2022\/05\/cropped-Isa_InterColombia_logo.png\",\"contentUrl\":\"\/wp-content\/uploads\/sites\/3\/2022\/05\/cropped-Isa_InterColombia_logo.png\",\"width\":619,\"height\":286,\"caption\":\"ISA INTERCOLOMBIA\"},\"image\":{\"@id\":\"https:\/\/colombia.isaenergia.com\/isaintercolombia\/#\/schema\/logo\/image\/\"}}]}<\/script>\n<!-- \/ Yoast SEO plugin. -->","yoast_head_json":{"title":"Derechos humanos - ISA INTERCOLOMBIA","robots":{"index":"index","follow":"follow","max-snippet":"max-snippet:-1","max-image-preview":"max-image-preview:large","max-video-preview":"max-video-preview:-1"},"canonical":"https:\/\/colombia.isaenergia.com\/isaintercolombia\/caja-de-herramientas-sostenibilidad\/derechos-humanos\/","og_locale":"es_ES","og_type":"article","og_title":"Derechos humanos - ISA INTERCOLOMBIA","og_description":"Principios rectores sobre las empresas y los Derechos Humanos Gu\u00eda Debida diligencia DDHH &#8211; DIH en la Cadena de suministro C\u00f3mo desarrollar una pol\u00edtica de DDHH Gu\u00eda derechos humanos ISA y empresas Cartilla Derechos Humanos para Proveedores ABC en derecho humanos para tu empresa","og_url":"https:\/\/colombia.isaenergia.com\/isaintercolombia\/caja-de-herramientas-sostenibilidad\/derechos-humanos\/","og_site_name":"ISA INTERCOLOMBIA","article_modified_time":"2024-12-06T18:41:14+00:00","twitter_card":"summary_large_image","twitter_misc":{"Est. reading time":"1 minute"},"schema":{"@context":"https:\/\/schema.org","@graph":[{"@type":"WebPage","@id":"https:\/\/colombia.isaenergia.com\/isaintercolombia\/caja-de-herramientas-sostenibilidad\/derechos-humanos\/","url":"https:\/\/colombia.isaenergia.com\/isaintercolombia\/caja-de-herramientas-sostenibilidad\/derechos-humanos\/","name":"Derechos humanos - ISA INTERCOLOMBIA","isPartOf":{"@id":"https:\/\/colombia.isaenergia.com\/isaintercolombia\/#website"},"datePublished":"2024-12-06T18:24:36+00:00","dateModified":"2024-12-06T18:41:14+00:00","breadcrumb":{"@id":"https:\/\/colombia.isaenergia.com\/isaintercolombia\/caja-de-herramientas-sostenibilidad\/derechos-humanos\/#breadcrumb"},"inLanguage":"es-ES","potentialAction":[{"@type":"ReadAction","target":["https:\/\/colombia.isaenergia.com\/isaintercolombia\/caja-de-herramientas-sostenibilidad\/derechos-humanos\/"]}]},{"@type":"BreadcrumbList","@id":"https:\/\/colombia.isaenergia.com\/isaintercolombia\/caja-de-herramientas-sostenibilidad\/derechos-humanos\/#breadcrumb","itemListElement":[{"@type":"ListItem","position":1,"name":"Home","item":"https:\/\/colombia.isaenergia.com\/isaintercolombia\/"},{"@type":"ListItem","position":2,"name":"Caja de herramientas &#8211; Sostenibilidad","item":"https:\/\/colombia.isaenergia.com\/isaintercolombia\/caja-de-herramientas-sostenibilidad\/"},{"@type":"ListItem","position":3,"name":"Derechos humanos"}]},{"@type":"WebSite","@id":"https:\/\/colombia.isaenergia.com\/isaintercolombia\/#website","url":"https:\/\/colombia.isaenergia.com\/isaintercolombia\/","name":"ISA INTERCOLOMBIA","description":"ISA INTERCOLOMBIA","publisher":{"@id":"https:\/\/colombia.isaenergia.com\/isaintercolombia\/#organization"},"potentialAction":[{"@type":"SearchAction","target":{"@type":"EntryPoint","urlTemplate":"https:\/\/colombia.isaenergia.com\/isaintercolombia\/?s={search_term_string}"},"query-input":{"@type":"PropertyValueSpecification","valueRequired":true,"valueName":"search_term_string"}}],"inLanguage":"es-ES"},{"@type":"Organization","@id":"https:\/\/colombia.isaenergia.com\/isaintercolombia\/#organization","name":"ISA INTERCOLOMBIA","url":"https:\/\/colombia.isaenergia.com\/isaintercolombia\/","logo":{"@type":"ImageObject","inLanguage":"es-ES","@id":"https:\/\/colombia.isaenergia.com\/isaintercolombia\/#\/schema\/logo\/image\/","url":"\/wp-content\/uploads\/sites\/3\/2022\/05\/cropped-Isa_InterColombia_logo.png","contentUrl":"\/wp-content\/uploads\/sites\/3\/2022\/05\/cropped-Isa_InterColombia_logo.png","width":619,"height":286,"caption":"ISA INTERCOLOMBIA"},"image":{"@id":"https:\/\/colombia.isaenergia.com\/isaintercolombia\/#\/schema\/logo\/image\/"}}]}},"publishpress_future_action":{"enabled":false,"date":"2026-05-15 09:39:06","action":"change-status","newStatus":"draft","terms":[],"taxonomy":"category","extraData":[]},"publishpress_future_workflow_manual_trigger":{"enabledWorkflows":[]},"_links":{"self":[{"href":"https:\/\/colombia.isaenergia.com\/isaintercolombia\/wp-json\/wp\/v2\/pages\/38074","targetHints":{"allow":["GET"]}}],"collection":[{"href":"https:\/\/colombia.isaenergia.com\/isaintercolombia\/wp-json\/wp\/v2\/pages"}],"about":[{"href":"https:\/\/colombia.isaenergia.com\/isaintercolombia\/wp-json\/wp\/v2\/types\/page"}],"author":[{"embeddable":true,"href":"https:\/\/colombia.isaenergia.com\/isaintercolombia\/wp-json\/wp\/v2\/users\/44"}],"replies":[{"embeddable":true,"href":"https:\/\/colombia.isaenergia.com\/isaintercolombia\/wp-json\/wp\/v2\/comments?post=38074"}],"version-history":[{"count":10,"href":"https:\/\/colombia.isaenergia.com\/isaintercolombia\/wp-json\/wp\/v2\/pages\/38074\/revisions"}],"predecessor-version":[{"id":38098,"href":"https:\/\/colombia.isaenergia.com\/isaintercolombia\/wp-json\/wp\/v2\/pages\/38074\/revisions\/38098"}],"up":[{"embeddable":true,"href":"https:\/\/colombia.isaenergia.com\/isaintercolombia\/wp-json\/wp\/v2\/pages\/37933"}],"wp:attachment":[{"href":"https:\/\/colombia.isaenergia.com\/isaintercolombia\/wp-json\/wp\/v2\/media?parent=38074"}],"wp:term":[{"taxonomy":"category","embeddable":true,"href":"https:\/\/colombia.isaenergia.com\/isaintercolombia\/wp-json\/wp\/v2\/categories?post=38074"},{"taxonomy":"post_tag","embeddable":true,"href":"https:\/\/colombia.isaenergia.com\/isaintercolombia\/wp-json\/wp\/v2\/tags?post=38074"}],"curies":[{"name":"wp","href":"https:\/\/api.w.org\/{rel}","templated":true}]}}