{"id":17190,"date":"2022-10-12T14:30:08","date_gmt":"2022-10-12T19:30:08","guid":{"rendered":"https:\/\/itco-as-prd-sitioweb-002.azurewebsites.net\/?page_id=17190"},"modified":"2022-10-12T14:31:50","modified_gmt":"2022-10-12T19:31:50","slug":"documentos-de-apoyo","status":"publish","type":"page","link":"https:\/\/colombia.isaenergia.com\/isaintercolombia\/documentos-de-apoyo\/","title":{"rendered":"Documentos de apoyo"},"content":{"rendered":"\t\t<div data-elementor-type=\"wp-page\" data-elementor-id=\"17190\" class=\"elementor elementor-17190\" data-elementor-post-type=\"page\">\n\t\t\t\t\t\t<section class=\"elementor-section elementor-top-section elementor-element elementor-element-2b40f16 elementor-section-boxed elementor-section-height-default elementor-section-height-default\" data-id=\"2b40f16\" data-element_type=\"section\" data-e-type=\"section\">\n\t\t\t\t\t\t<div class=\"elementor-container elementor-column-gap-default\">\n\t\t\t\t\t<div class=\"elementor-column elementor-col-100 elementor-top-column elementor-element elementor-element-02add3c\" data-id=\"02add3c\" data-element_type=\"column\" data-e-type=\"column\">\n\t\t\t<div class=\"elementor-widget-wrap\">\n\t\t\t\t\t\t\t<\/div>\n\t\t<\/div>\n\t\t\t\t\t<\/div>\n\t\t<\/section>\n\t\t\t\t<section class=\"elementor-section elementor-top-section elementor-element elementor-element-7b28cfa elementor-section-boxed elementor-section-height-default elementor-section-height-default\" data-id=\"7b28cfa\" data-element_type=\"section\" data-e-type=\"section\">\n\t\t\t\t\t\t<div class=\"elementor-container elementor-column-gap-default\">\n\t\t\t\t\t<div class=\"elementor-column elementor-col-100 elementor-top-column elementor-element elementor-element-6f92268\" data-id=\"6f92268\" data-element_type=\"column\" data-e-type=\"column\">\n\t\t\t<div class=\"elementor-widget-wrap elementor-element-populated\">\n\t\t\t\t\t\t<div class=\"elementor-element elementor-element-afe1017 elementor-widget elementor-widget-heading\" data-id=\"afe1017\" data-element_type=\"widget\" data-e-type=\"widget\" data-widget_type=\"heading.default\">\n\t\t\t\t<div class=\"elementor-widget-container\">\n\t\t\t\t\t<h2 class=\"elementor-heading-title elementor-size-default\">Documentos de apoyo<\/h2>\t\t\t\t<\/div>\n\t\t\t\t<\/div>\n\t\t\t\t<div class=\"elementor-element elementor-element-f3c0f46 elementor-widget elementor-widget-heading\" data-id=\"f3c0f46\" data-element_type=\"widget\" data-e-type=\"widget\" data-widget_type=\"heading.default\">\n\t\t\t\t<div class=\"elementor-widget-container\">\n\t\t\t\t\t<h5 class=\"elementor-heading-title elementor-size-default\"><a href=\"http:\/\/colombia.isaenergia.com\/wp-content\/uploads\/sites\/3\/2022\/10\/FIP-Guia-debida-diligencia-DDHH_SC.pdf\" target=\"_blank\">FIP Gu\u00eda debida diligencia DDHH_SC<\/a><\/h5>\t\t\t\t<\/div>\n\t\t\t\t<\/div>\n\t\t\t\t<div class=\"elementor-element elementor-element-f720db5 elementor-widget elementor-widget-heading\" data-id=\"f720db5\" data-element_type=\"widget\" data-e-type=\"widget\" data-widget_type=\"heading.default\">\n\t\t\t\t<div class=\"elementor-widget-container\">\n\t\t\t\t\t<h5 class=\"elementor-heading-title elementor-size-default\"><a href=\"http:\/\/colombia.isaenergia.com\/wp-content\/uploads\/sites\/3\/2022\/10\/Guia-de-Evaluacion-y-Gestion-de-Impactos-en-los-Derechos-Humanos.pdf\" target=\"_blank\">Gu\u00eda de Evaluaci\u00f3n y Gesti\u00f3n de Impactos en los Derechos Humanos<\/a><\/h5>\t\t\t\t<\/div>\n\t\t\t\t<\/div>\n\t\t\t\t<div class=\"elementor-element elementor-element-6a449ad elementor-widget elementor-widget-heading\" data-id=\"6a449ad\" data-element_type=\"widget\" data-e-type=\"widget\" data-widget_type=\"heading.default\">\n\t\t\t\t<div class=\"elementor-widget-container\">\n\t\t\t\t\t<h5 class=\"elementor-heading-title elementor-size-default\"><a href=\"http:\/\/colombia.isaenergia.com\/wp-content\/uploads\/sites\/3\/2022\/10\/Guia-de-la-OCDE-de-debida-diligencia-para-una-conducta-empresarial-responsable_compressed.pdf\" target=\"_blank\">Gu\u00eda de la OCDE de debida diligencia para una conducta empresarial responsable<\/a><\/h5>\t\t\t\t<\/div>\n\t\t\t\t<\/div>\n\t\t\t\t<div class=\"elementor-element elementor-element-3ffba34 elementor-widget elementor-widget-heading\" data-id=\"3ffba34\" data-element_type=\"widget\" data-e-type=\"widget\" data-widget_type=\"heading.default\">\n\t\t\t\t<div class=\"elementor-widget-container\">\n\t\t\t\t\t<h5 class=\"elementor-heading-title elementor-size-default\"><a href=\"http:\/\/colombia.isaenergia.com\/wp-content\/uploads\/sites\/3\/2022\/10\/Guia-desarrollo-politica-DDHH.pdf\" target=\"_blank\">Gu\u00eda desarrollo pol\u00edtica DDHH<\/a><\/h5>\t\t\t\t<\/div>\n\t\t\t\t<\/div>\n\t\t\t\t<div class=\"elementor-element elementor-element-264b2ee elementor-widget elementor-widget-heading\" data-id=\"264b2ee\" data-element_type=\"widget\" data-e-type=\"widget\" data-widget_type=\"heading.default\">\n\t\t\t\t<div class=\"elementor-widget-container\">\n\t\t\t\t\t<h5 class=\"elementor-heading-title elementor-size-default\"><a href=\"http:\/\/colombia.isaenergia.com\/wp-content\/uploads\/sites\/3\/2022\/10\/Guiding-Principles-Business-HR_SP_compressed.pdf\" target=\"_blank\">Guiding Principles Business HR_SP<\/a><\/h5>\t\t\t\t<\/div>\n\t\t\t\t<\/div>\n\t\t\t\t\t<\/div>\n\t\t<\/div>\n\t\t\t\t\t<\/div>\n\t\t<\/section>\n\t\t\t\t<section class=\"elementor-section elementor-top-section elementor-element elementor-element-a168109 elementor-section-boxed elementor-section-height-default elementor-section-height-default\" data-id=\"a168109\" data-element_type=\"section\" data-e-type=\"section\">\n\t\t\t\t\t\t<div class=\"elementor-container elementor-column-gap-default\">\n\t\t\t\t\t<div class=\"elementor-column elementor-col-100 elementor-top-column elementor-element elementor-element-a5c3e39\" data-id=\"a5c3e39\" data-element_type=\"column\" data-e-type=\"column\">\n\t\t\t<div class=\"elementor-widget-wrap elementor-element-populated\">\n\t\t\t\t\t\t\t<\/div>\n\t\t<\/div>\n\t\t\t\t\t<\/div>\n\t\t<\/section>\n\t\t\t\t<section class=\"elementor-section elementor-top-section elementor-element elementor-element-3fb500b elementor-section-boxed elementor-section-height-default elementor-section-height-default\" data-id=\"3fb500b\" data-element_type=\"section\" data-e-type=\"section\">\n\t\t\t\t\t\t<div class=\"elementor-container elementor-column-gap-default\">\n\t\t\t\t\t<div class=\"elementor-column elementor-col-100 elementor-top-column elementor-element elementor-element-fa9a685\" data-id=\"fa9a685\" data-element_type=\"column\" data-e-type=\"column\">\n\t\t\t<div class=\"elementor-widget-wrap elementor-element-populated\">\n\t\t\t\t\t\t\t<\/div>\n\t\t<\/div>\n\t\t\t\t\t<\/div>\n\t\t<\/section>\n\t\t\t\t<\/div>\n\t\t","protected":false},"excerpt":{"rendered":"<p>Documentos de apoyo FIP Gu\u00eda debida diligencia DDHH_SC Gu\u00eda de Evaluaci\u00f3n y Gesti\u00f3n de Impactos en los Derechos Humanos Gu\u00eda de la OCDE de debida diligencia para una conducta empresarial responsable Gu\u00eda desarrollo pol\u00edtica DDHH Guiding Principles Business HR_SP<\/p>\n","protected":false},"author":47,"featured_media":0,"parent":0,"menu_order":0,"comment_status":"closed","ping_status":"closed","template":"","meta":{"footnotes":""},"categories":[],"tags":[],"class_list":["post-17190","page","type-page","status-publish","hentry"],"yoast_head":"<!-- This site is optimized with the Yoast SEO plugin v26.5 - https:\/\/yoast.com\/wordpress\/plugins\/seo\/ -->\n<title>Documentos de apoyo - ISA INTERCOLOMBIA<\/title>\n<meta name=\"robots\" content=\"index, follow, max-snippet:-1, max-image-preview:large, max-video-preview:-1\" \/>\n<link rel=\"canonical\" href=\"https:\/\/colombia.isaenergia.com\/isaintercolombia\/documentos-de-apoyo\/\" \/>\n<meta property=\"og:locale\" content=\"es_ES\" \/>\n<meta property=\"og:type\" content=\"article\" \/>\n<meta property=\"og:title\" content=\"Documentos de apoyo - ISA INTERCOLOMBIA\" \/>\n<meta property=\"og:description\" content=\"Documentos de apoyo FIP Gu\u00eda debida diligencia DDHH_SC Gu\u00eda de Evaluaci\u00f3n y Gesti\u00f3n de Impactos en los Derechos Humanos Gu\u00eda de la OCDE de debida diligencia para una conducta empresarial responsable Gu\u00eda desarrollo pol\u00edtica DDHH Guiding Principles Business HR_SP\" \/>\n<meta property=\"og:url\" content=\"https:\/\/colombia.isaenergia.com\/isaintercolombia\/documentos-de-apoyo\/\" \/>\n<meta property=\"og:site_name\" content=\"ISA INTERCOLOMBIA\" \/>\n<meta property=\"article:modified_time\" content=\"2022-10-12T19:31:50+00:00\" \/>\n<meta name=\"twitter:card\" content=\"summary_large_image\" \/>\n<script type=\"application\/ld+json\" class=\"yoast-schema-graph\">{\"@context\":\"https:\/\/schema.org\",\"@graph\":[{\"@type\":\"WebPage\",\"@id\":\"https:\/\/colombia.isaenergia.com\/isaintercolombia\/documentos-de-apoyo\/\",\"url\":\"https:\/\/colombia.isaenergia.com\/isaintercolombia\/documentos-de-apoyo\/\",\"name\":\"Documentos de apoyo - ISA INTERCOLOMBIA\",\"isPartOf\":{\"@id\":\"https:\/\/colombia.isaenergia.com\/isaintercolombia\/#website\"},\"datePublished\":\"2022-10-12T19:30:08+00:00\",\"dateModified\":\"2022-10-12T19:31:50+00:00\",\"breadcrumb\":{\"@id\":\"https:\/\/colombia.isaenergia.com\/isaintercolombia\/documentos-de-apoyo\/#breadcrumb\"},\"inLanguage\":\"es-ES\",\"potentialAction\":[{\"@type\":\"ReadAction\",\"target\":[\"https:\/\/colombia.isaenergia.com\/isaintercolombia\/documentos-de-apoyo\/\"]}]},{\"@type\":\"BreadcrumbList\",\"@id\":\"https:\/\/colombia.isaenergia.com\/isaintercolombia\/documentos-de-apoyo\/#breadcrumb\",\"itemListElement\":[{\"@type\":\"ListItem\",\"position\":1,\"name\":\"Home\",\"item\":\"https:\/\/colombia.isaenergia.com\/isaintercolombia\/\"},{\"@type\":\"ListItem\",\"position\":2,\"name\":\"Documentos de apoyo\"}]},{\"@type\":\"WebSite\",\"@id\":\"https:\/\/colombia.isaenergia.com\/isaintercolombia\/#website\",\"url\":\"https:\/\/colombia.isaenergia.com\/isaintercolombia\/\",\"name\":\"ISA INTERCOLOMBIA\",\"description\":\"ISA INTERCOLOMBIA\",\"publisher\":{\"@id\":\"https:\/\/colombia.isaenergia.com\/isaintercolombia\/#organization\"},\"potentialAction\":[{\"@type\":\"SearchAction\",\"target\":{\"@type\":\"EntryPoint\",\"urlTemplate\":\"https:\/\/colombia.isaenergia.com\/isaintercolombia\/?s={search_term_string}\"},\"query-input\":{\"@type\":\"PropertyValueSpecification\",\"valueRequired\":true,\"valueName\":\"search_term_string\"}}],\"inLanguage\":\"es-ES\"},{\"@type\":\"Organization\",\"@id\":\"https:\/\/colombia.isaenergia.com\/isaintercolombia\/#organization\",\"name\":\"ISA INTERCOLOMBIA\",\"url\":\"https:\/\/colombia.isaenergia.com\/isaintercolombia\/\",\"logo\":{\"@type\":\"ImageObject\",\"inLanguage\":\"es-ES\",\"@id\":\"https:\/\/colombia.isaenergia.com\/isaintercolombia\/#\/schema\/logo\/image\/\",\"url\":\"\/wp-content\/uploads\/sites\/3\/2022\/05\/cropped-Isa_InterColombia_logo.png\",\"contentUrl\":\"\/wp-content\/uploads\/sites\/3\/2022\/05\/cropped-Isa_InterColombia_logo.png\",\"width\":619,\"height\":286,\"caption\":\"ISA INTERCOLOMBIA\"},\"image\":{\"@id\":\"https:\/\/colombia.isaenergia.com\/isaintercolombia\/#\/schema\/logo\/image\/\"}}]}<\/script>\n<!-- \/ Yoast SEO plugin. -->","yoast_head_json":{"title":"Documentos de apoyo - ISA INTERCOLOMBIA","robots":{"index":"index","follow":"follow","max-snippet":"max-snippet:-1","max-image-preview":"max-image-preview:large","max-video-preview":"max-video-preview:-1"},"canonical":"https:\/\/colombia.isaenergia.com\/isaintercolombia\/documentos-de-apoyo\/","og_locale":"es_ES","og_type":"article","og_title":"Documentos de apoyo - ISA INTERCOLOMBIA","og_description":"Documentos de apoyo FIP Gu\u00eda debida diligencia DDHH_SC Gu\u00eda de Evaluaci\u00f3n y Gesti\u00f3n de Impactos en los Derechos Humanos Gu\u00eda de la OCDE de debida diligencia para una conducta empresarial responsable Gu\u00eda desarrollo pol\u00edtica DDHH Guiding Principles Business HR_SP","og_url":"https:\/\/colombia.isaenergia.com\/isaintercolombia\/documentos-de-apoyo\/","og_site_name":"ISA INTERCOLOMBIA","article_modified_time":"2022-10-12T19:31:50+00:00","twitter_card":"summary_large_image","schema":{"@context":"https:\/\/schema.org","@graph":[{"@type":"WebPage","@id":"https:\/\/colombia.isaenergia.com\/isaintercolombia\/documentos-de-apoyo\/","url":"https:\/\/colombia.isaenergia.com\/isaintercolombia\/documentos-de-apoyo\/","name":"Documentos de apoyo - ISA INTERCOLOMBIA","isPartOf":{"@id":"https:\/\/colombia.isaenergia.com\/isaintercolombia\/#website"},"datePublished":"2022-10-12T19:30:08+00:00","dateModified":"2022-10-12T19:31:50+00:00","breadcrumb":{"@id":"https:\/\/colombia.isaenergia.com\/isaintercolombia\/documentos-de-apoyo\/#breadcrumb"},"inLanguage":"es-ES","potentialAction":[{"@type":"ReadAction","target":["https:\/\/colombia.isaenergia.com\/isaintercolombia\/documentos-de-apoyo\/"]}]},{"@type":"BreadcrumbList","@id":"https:\/\/colombia.isaenergia.com\/isaintercolombia\/documentos-de-apoyo\/#breadcrumb","itemListElement":[{"@type":"ListItem","position":1,"name":"Home","item":"https:\/\/colombia.isaenergia.com\/isaintercolombia\/"},{"@type":"ListItem","position":2,"name":"Documentos de apoyo"}]},{"@type":"WebSite","@id":"https:\/\/colombia.isaenergia.com\/isaintercolombia\/#website","url":"https:\/\/colombia.isaenergia.com\/isaintercolombia\/","name":"ISA INTERCOLOMBIA","description":"ISA INTERCOLOMBIA","publisher":{"@id":"https:\/\/colombia.isaenergia.com\/isaintercolombia\/#organization"},"potentialAction":[{"@type":"SearchAction","target":{"@type":"EntryPoint","urlTemplate":"https:\/\/colombia.isaenergia.com\/isaintercolombia\/?s={search_term_string}"},"query-input":{"@type":"PropertyValueSpecification","valueRequired":true,"valueName":"search_term_string"}}],"inLanguage":"es-ES"},{"@type":"Organization","@id":"https:\/\/colombia.isaenergia.com\/isaintercolombia\/#organization","name":"ISA INTERCOLOMBIA","url":"https:\/\/colombia.isaenergia.com\/isaintercolombia\/","logo":{"@type":"ImageObject","inLanguage":"es-ES","@id":"https:\/\/colombia.isaenergia.com\/isaintercolombia\/#\/schema\/logo\/image\/","url":"\/wp-content\/uploads\/sites\/3\/2022\/05\/cropped-Isa_InterColombia_logo.png","contentUrl":"\/wp-content\/uploads\/sites\/3\/2022\/05\/cropped-Isa_InterColombia_logo.png","width":619,"height":286,"caption":"ISA INTERCOLOMBIA"},"image":{"@id":"https:\/\/colombia.isaenergia.com\/isaintercolombia\/#\/schema\/logo\/image\/"}}]}},"publishpress_future_action":{"enabled":false,"date":"2026-05-15 09:38:31","action":"change-status","newStatus":"draft","terms":[],"taxonomy":"category","extraData":[]},"publishpress_future_workflow_manual_trigger":{"enabledWorkflows":[]},"_links":{"self":[{"href":"https:\/\/colombia.isaenergia.com\/isaintercolombia\/wp-json\/wp\/v2\/pages\/17190","targetHints":{"allow":["GET"]}}],"collection":[{"href":"https:\/\/colombia.isaenergia.com\/isaintercolombia\/wp-json\/wp\/v2\/pages"}],"about":[{"href":"https:\/\/colombia.isaenergia.com\/isaintercolombia\/wp-json\/wp\/v2\/types\/page"}],"author":[{"embeddable":true,"href":"https:\/\/colombia.isaenergia.com\/isaintercolombia\/wp-json\/wp\/v2\/users\/47"}],"replies":[{"embeddable":true,"href":"https:\/\/colombia.isaenergia.com\/isaintercolombia\/wp-json\/wp\/v2\/comments?post=17190"}],"version-history":[{"count":0,"href":"https:\/\/colombia.isaenergia.com\/isaintercolombia\/wp-json\/wp\/v2\/pages\/17190\/revisions"}],"wp:attachment":[{"href":"https:\/\/colombia.isaenergia.com\/isaintercolombia\/wp-json\/wp\/v2\/media?parent=17190"}],"wp:term":[{"taxonomy":"category","embeddable":true,"href":"https:\/\/colombia.isaenergia.com\/isaintercolombia\/wp-json\/wp\/v2\/categories?post=17190"},{"taxonomy":"post_tag","embeddable":true,"href":"https:\/\/colombia.isaenergia.com\/isaintercolombia\/wp-json\/wp\/v2\/tags?post=17190"}],"curies":[{"name":"wp","href":"https:\/\/api.w.org\/{rel}","templated":true}]}}